{"id":65,"date":"2017-03-28T16:39:05","date_gmt":"2017-03-28T16:39:05","guid":{"rendered":"http:\/\/escoladangles.com\/?page_id=65"},"modified":"2025-07-16T10:50:52","modified_gmt":"2025-07-16T10:50:52","slug":"el-raco-de-lalumne-practica-des-de-casa","status":"publish","type":"page","link":"https:\/\/escoladangles.com\/?page_id=65","title":{"rendered":"El rac\u00f3 de l&#8217;alumne"},"content":{"rendered":"<ul>\n<li>\n<h2><strong>Acc\u00e9s a la Intranet de l&#8217;escola<\/strong>:\u00a0 <a href=\"https:\/\/escoladangles.acadesoft.com\/mant\/php\/alumnes-entrada.php\">INTRANET<\/a> \u00a0<\/h2>\n<\/li>\n<li>\n<h2 lang=\"ca-ES\" align=\"justify\"><span style=\"font-family: Arial, serif;\"><b>Correu electr\u00f2nic pels alumnes:\u00a0<\/b><\/span><\/h2>\n<\/li>\n<\/ul>\n<p lang=\"ca-ES\" align=\"justify\"><a href=\"mailto:info@escoladangles.com\"><span style=\"font-family: Arial, serif;\">info@escoladangles.com<\/span><\/a><\/p>\n<ul>\n<li>\n<h2 lang=\"ca-ES\" align=\"justify\"><span style=\"font-family: Arial, serif;\"><b><a href=\"http:\/\/escoladangles.com\/wp-content\/uploads\/2025\/07\/Calendar-25-26.pdf\">Calendari Escolar 2025-2026<\/a><br \/><\/b><\/span><\/h2>\n<\/li>\n<li>\n<h2 lang=\"ca-ES\" align=\"justify\"><span style=\"font-family: Arial, serif;\"><b>Links interessants pels alumnes:<\/b><\/span><\/h2>\n<\/li>\n<li>\n<h3>Summer Homework 2025<\/h3>\n<\/li>\n<li><a href=\"http:\/\/www.cambridgeenglish.org\/learning-english\/games-social\/monkey-puzzles\/\">Jocs on-line pels m\u00e9s petits<\/a><\/li>\n<li><a href=\"http:\/\/es.lyricstraining.com\/\">Can\u00e7ons amb exercicis<\/a><\/li>\n<li><a href=\"http:\/\/www.newsinlevels.com\/\">Not\u00edcies classificades per nivell <\/a><\/li>\n<li><a href=\"https:\/\/www.ted.com\/talks\">Confer\u00e8ncies<\/a><\/li>\n<li><a href=\"http:\/\/www.bbc.co.uk\/learningenglish\">Exercicis variats\u00a0<\/a><\/li>\n<li><a href=\"http:\/\/www.bbc.co.uk\/schoolradio\">School radio (not\u00edcies)<\/a><\/li>\n<li><a href=\"http:\/\/kiosko.net\/\">Not\u00edcies d&#8217;arreu del m\u00f3n <\/a><\/li>\n<li><a href=\"http:\/\/learningenglish.voanews.com\/\">Not\u00edcies classificades per nivells (2)<\/a><\/li>\n<li><a href=\"http:\/\/www.npr.org\/\">Podcasts\u00a0<\/a><\/li>\n<\/ul>\n<ol>\n<li>\n<h3 lang=\"ca-ES\" align=\"justify\"><span style=\"font-family: Arial, serif;\"><b>Per saber el teu nivell d\u2019angl\u00e8s<\/b><\/span><\/h3>\n<\/li>\n<\/ol>\n<ul>\n<li>\n<p lang=\"ca-ES\" align=\"justify\"><a href=\"http:\/\/learnenglish.britishcouncil.org\/en\/\"><span style=\"font-family: Arial, serif;\">http:\/\/learnenglish.britishcouncil.org\/en\/<\/span><\/a><\/p>\n<\/li>\n<li>\n<p lang=\"ca-ES\" align=\"justify\"><a href=\"http:\/\/www.cambridgeenglish.org\/\"><span style=\"font-family: Arial, serif;\">http:\/\/www.cambridgeenglish.org\/<\/span><\/a><\/p>\n<\/li>\n<\/ul>\n<ol start=\"2\">\n<li>\n<h3 lang=\"ca-ES\" align=\"justify\"><span style=\"font-family: Arial, serif;\"><b>Recursos generals<\/b><\/span><\/h3>\n<\/li>\n<\/ol>\n<ul>\n<li>\n<p lang=\"ca-ES\" align=\"justify\"><a href=\"http:\/\/a4esl.org\/\"><span style=\"font-family: Arial, serif;\">http:\/\/a4esl.org\/<\/span><\/a><\/p>\n<\/li>\n<li>\n<p lang=\"ca-ES\" align=\"justify\"><a href=\"http:\/\/englishpage.com\/\"><span style=\"font-family: Arial, serif;\">http:\/\/englishpage.com\/<\/span><\/a><\/p>\n<\/li>\n<li>\n<p lang=\"ca-ES\" align=\"justify\"><a href=\"http:\/\/www.manythings.org\/\"><span style=\"font-family: Arial, serif;\">http:\/\/www.manythings.org\/<\/span><\/a><\/p>\n<\/li>\n<li>\n<p lang=\"ca-ES\" align=\"justify\"><a href=\"http:\/\/www.bbc.co.uk\/learningenglish\/\"><span style=\"font-family: Arial, serif;\">http:\/\/www.bbc.co.uk\/learningenglish\/<\/span><\/a><\/p>\n<\/li>\n<li>\n<p lang=\"ca-ES\" align=\"justify\"><a href=\"http:\/\/eslgold.com\/\"><span style=\"font-family: Arial, serif;\">http:\/\/eslgold.com<\/span><\/a><\/p>\n<\/li>\n<\/ul>\n<ol start=\"3\">\n<li>\n<h3 lang=\"ca-ES\" align=\"justify\"><span style=\"font-family: Arial, serif;\"><b>Grammar<\/b><\/span><\/h3>\n<\/li>\n<\/ol>\n<ul>\n<li>\n<p lang=\"ca-ES\" align=\"justify\"><a href=\"https:\/\/www.englishclub.com\/grammar\/\"><span style=\"font-family: Arial, serif;\">https:\/\/www.englishclub.com\/grammar\/<\/span><\/a><\/p>\n<\/li>\n<li>\n<p lang=\"ca-ES\" align=\"justify\"><a href=\"http:\/\/eslgold.com\/grammar.html\"><span style=\"color: #00000a;\"><span style=\"font-family: Arial, serif;\">http:\/\/eslgold.com\/grammar.html<\/span><\/span><\/a><\/p>\n<\/li>\n<\/ul>\n<ol start=\"4\">\n<li>\n<h3 lang=\"ca-ES\" align=\"justify\"><span style=\"font-family: Arial, serif;\"><b>Vocabulary<\/b><\/span><\/h3>\n<\/li>\n<\/ol>\n<ul>\n<li>\n<p lang=\"ca-ES\" align=\"justify\"><a href=\"https:\/\/myvocabulary.com\/\"><span style=\"font-family: Arial, serif;\">https:\/\/myvocabulary.com\/<\/span><\/a><\/p>\n<\/li>\n<li>\n<p lang=\"ca-ES\" align=\"justify\"><a href=\"http:\/\/eslgold.com\/vocabulary.html\"><span style=\"font-family: Arial, serif;\">http:\/\/eslgold.com\/vocabulary.html<\/span><\/a><\/p>\n<\/li>\n<\/ul>\n<ol start=\"5\">\n<li>\n<h3 lang=\"ca-ES\" align=\"justify\"><span style=\"font-family: Arial, serif;\"><b>Reading Comprehension<\/b><\/span><\/h3>\n<\/li>\n<\/ol>\n<ul>\n<li>\n<p lang=\"ca-ES\" align=\"justify\"><a href=\"https:\/\/www.englishclub.com\/reading\/\"><span style=\"font-family: Arial, serif;\">https:\/\/www.englishclub.com\/reading\/<\/span><\/a><\/p>\n<\/li>\n<\/ul>\n<ol start=\"6\">\n<li>\n<h3 lang=\"ca-ES\" align=\"justify\"><span style=\"font-family: Arial, serif;\"><b>Listening Comprehension<\/b><\/span><\/h3>\n<\/li>\n<\/ol>\n<ul>\n<li>\n<p lang=\"ca-ES\" align=\"justify\"><a href=\"http:\/\/www.eslvideo.com\/\"><span style=\"font-family: Arial, serif;\">http:\/\/www.eslvideo.com\/<\/span><\/a><\/p>\n<\/li>\n<li>\n<p lang=\"ca-ES\" align=\"justify\"><a href=\"http:\/\/www.ted.com\/talks\"><span style=\"font-family: Arial, serif;\">http:\/\/www.ted.com\/talks<\/span><\/a><\/p>\n<\/li>\n<li>\n<p lang=\"ca-ES\" align=\"justify\"><a href=\"http:\/\/www.bbc.co.uk\/worldserviceradio\"><span style=\"font-family: Arial, serif;\">http:\/\/www.bbc.co.uk\/worldserviceradio<\/span><\/a><\/p>\n<\/li>\n<li>\n<p lang=\"ca-ES\" align=\"justify\"><a href=\"http:\/\/www.eltpodcast.com\/archive\/bc\"><span style=\"font-family: Arial, serif;\">http:\/\/www.eltpodcast.com\/archive\/bc<\/span><\/a><\/p>\n<\/li>\n<li>\n<p lang=\"ca-ES\" align=\"justify\"><a href=\"http:\/\/www.esl-lab.com\/\"><span style=\"font-family: Arial, serif;\">http:\/\/www.esl-lab.com\/<\/span><\/a><\/p>\n<\/li>\n<li>\n<p lang=\"ca-ES\" align=\"justify\"><a href=\"https:\/\/www.englishclub.com\/listening\/\"><span style=\"font-family: Arial, serif;\">https:\/\/www.englishclub.com\/listening\/<\/span><\/a><\/p>\n<\/li>\n<\/ul>\n<ol start=\"7\">\n<li>\n<h3 lang=\"ca-ES\" align=\"justify\"><span style=\"font-family: Arial, serif;\"><b>Pronunciation &amp; Oral Practice<\/b><\/span><\/h3>\n<\/li>\n<\/ol>\n<ul>\n<li>\n<p lang=\"ca-ES\" align=\"justify\"><a href=\"http:\/\/www.eslgold.com\/pronunciation.html\"><span style=\"font-family: Arial, serif;\">http:\/\/www.eslgold.com\/pronunciation.html<\/span><\/a><\/p>\n<\/li>\n<\/ul>\n<ol start=\"8\">\n<li>\n<h3 lang=\"ca-ES\" align=\"justify\"><span style=\"font-family: Arial, serif;\"><b>Writing<\/b><\/span><\/h3>\n<\/li>\n<\/ol>\n<ul>\n<li>\n<p lang=\"ca-ES\" align=\"justify\"><a href=\"http:\/\/writefix.com\/\"><span style=\"font-family: Arial, serif;\">http:\/\/writefix.com\/<\/span><\/a><\/p>\n<\/li>\n<\/ul>\n<ol start=\"9\">\n<li>\n<h3 lang=\"ca-ES\" align=\"justify\"><span style=\"font-family: Arial, serif;\"><b>Diaris i not\u00edcies<\/b><\/span><\/h3>\n<\/li>\n<\/ol>\n<ul>\n<li>\n<p lang=\"ca-ES\" align=\"justify\"><a href=\"http:\/\/www.ukstudentlife.com\/English\/Reading\/Newspapers.htm#Newspapers\"><span style=\"font-family: Arial, serif;\">http:\/\/www.ukstudentlife.com\/English\/Reading\/Newspapers.htm#Newspapers<\/span><\/a><\/p>\n<\/li>\n<li>\n<p lang=\"ca-ES\" align=\"justify\"><a href=\"http:\/\/www.bbc.com\/news\"><span style=\"font-family: Arial, serif;\">http:\/\/www.bbc.com\/news<\/span><\/a><\/p>\n<\/li>\n<li>\n<p lang=\"ca-ES\" align=\"justify\"><a href=\"http:\/\/edition.cnn.com\/\"><span style=\"font-family: Arial, serif;\">http:\/\/edition.cnn.com\/<\/span><\/a><\/p>\n<\/li>\n<\/ul>\n<ol start=\"10\">\n<li>\n<h3 lang=\"ca-ES\" align=\"justify\"><span style=\"font-family: Arial, serif;\"><b>Dictionaries<\/b><\/span><\/h3>\n<\/li>\n<\/ol>\n<ul>\n<li>\n<p lang=\"ca-ES\" align=\"justify\"><a href=\"https:\/\/www.merriam-webster.com\/\"><span style=\"font-family: Arial, serif;\">https:\/\/www.merriam-webster.com\/<\/span><\/a><\/p>\n<\/li>\n<li>\n<p lang=\"ca-ES\" align=\"justify\"><a href=\"http:\/\/englishpage.com\/dictionaries\/dictionaries.html\"><span style=\"font-family: Arial, serif;\">http:\/\/englishpage.com\/dictionaries\/dictionaries.html<\/span><\/a><\/p>\n<\/li>\n<li>\n<p lang=\"ca-ES\" align=\"justify\"><a href=\"http:\/\/www.wordreference.com\/es\/\"><span style=\"font-family: Arial, serif;\">http:\/\/www.wordreference.com\/es\/<\/span><\/a><\/p>\n<\/li>\n<li>\n<p lang=\"ca-ES\" align=\"justify\"><a href=\"http:\/\/www.macmillandictionary.com\/\"><span style=\"font-family: Arial, serif;\">http:\/\/www.macmillandictionary.com\/<\/span><\/a><\/p>\n<\/li>\n<\/ul>\n<ol start=\"11\">\n<li>\n<h3 lang=\"ca-ES\" align=\"justify\"><span style=\"font-family: Arial, serif;\"><b>Informaci\u00f3 sobre ex\u00e0mens de la Universitat de Cambridge<\/b><\/span><\/h3>\n<\/li>\n<\/ol>\n<ul>\n<li>\n<p lang=\"ca-ES\" align=\"justify\"><a href=\"http:\/\/www.cambridgeenglish.org\/\"><span style=\"font-family: Arial, serif;\">http:\/\/www.cambridgeenglish.org\/<\/span><\/a><\/p>\n<\/li>\n<li>\n<p lang=\"ca-ES\" align=\"justify\"><a href=\"https:\/\/www.britishcouncil.es\/ca\/examens\/cambridge\"><span style=\"font-family: Arial, serif;\">https:\/\/www.britishcouncil.es\/ca\/examens\/cambridge<\/span><\/a><\/p>\n<\/li>\n<\/ul>\n<ol start=\"12\">\n<li>\n<h3 lang=\"ca-ES\" align=\"justify\"><span style=\"font-family: Arial, serif;\"><b>Pr\u00e0ctica pels ex\u00e0mens de Cambridge<\/b><\/span><\/h3>\n<\/li>\n<\/ol>\n<ul>\n<li>\n<p lang=\"ca-ES\" align=\"justify\"><a href=\"http:\/\/www.flo-joe.co.uk\/\"><span style=\"font-family: Arial, serif;\">http:\/\/www.flo-joe.co.uk\/<\/span><\/a><\/p>\n<\/li>\n<li>\n<p lang=\"ca-ES\" align=\"justify\"><a href=\"http:\/\/examenglish.com\/\"><span style=\"font-family: Arial, serif;\">http:\/\/examenglish.com\/<\/span><\/a><\/p>\n<\/li>\n<li>\n<p lang=\"ca-ES\" align=\"justify\"><a href=\"http:\/\/www.cambridgeenglish.org\/learning-english\/exam-preparation\/\"><span style=\"font-family: Arial, serif;\">http:\/\/www.cambridgeenglish.org\/learning-english\/exam-preparation\/<\/span><\/a><\/p>\n<\/li>\n<\/ul>\n<ol start=\"13\">\n<li>\n<h3 lang=\"ca-ES\" align=\"justify\"><span style=\"font-family: Arial, serif;\"><b>Informaci\u00f3 sobre ex\u00e0mens de l\u2019Escola Oficial d\u2019Idiomes<\/b><\/span><\/h3>\n<\/li>\n<\/ol>\n<ul>\n<li>\n<p lang=\"ca-ES\" align=\"justify\"><a href=\"http:\/\/www.xtec.cat\/eoi\/\"><span style=\"font-family: Arial, serif;\">http:\/\/www.xtec.cat\/eoi\/<\/span><\/a><\/p>\n<\/li>\n<\/ul>\n<ol start=\"14\">\n<li>\n<h3 lang=\"ca-ES\" align=\"justify\"><span style=\"font-family: Arial, serif;\"><b>Viatges d\u2019estudis a l\u2019estranger<\/b><\/span><\/h3>\n<\/li>\n<\/ol>\n<ul>\n<li>\n<p lang=\"ca-ES\" align=\"justify\"><a href=\"http:\/\/turas.cat\/\"><span style=\"font-family: Arial, serif;\">http:\/\/turas.cat\/<\/span><\/a><\/p>\n<\/li>\n<\/ul>\n\n\n<p><\/p>\n","protected":false},"excerpt":{"rendered":"<p>Acc\u00e9s a la Intranet de l&#8217;escola:\u00a0 INTRANET \u00a0 Correu electr\u00f2nic pels alumnes:\u00a0 info@escoladangles.com Calendari Escolar 2025-2026 Links interessants pels alumnes: Summer Homework 2025 Jocs on-line pels m\u00e9s petits Can\u00e7ons amb exercicis Not\u00edcies classificades per nivell Confer\u00e8ncies Exercicis variats\u00a0 School radio <a href=\"https:\/\/escoladangles.com\/?page_id=65\" class=\"read-more\">Leer m\u00e1s&#8230;<\/a><\/p>\n","protected":false},"author":1,"featured_media":0,"parent":0,"menu_order":0,"comment_status":"closed","ping_status":"closed","template":"","meta":[],"_links":{"self":[{"href":"https:\/\/escoladangles.com\/index.php?rest_route=\/wp\/v2\/pages\/65"}],"collection":[{"href":"https:\/\/escoladangles.com\/index.php?rest_route=\/wp\/v2\/pages"}],"about":[{"href":"https:\/\/escoladangles.com\/index.php?rest_route=\/wp\/v2\/types\/page"}],"author":[{"embeddable":true,"href":"https:\/\/escoladangles.com\/index.php?rest_route=\/wp\/v2\/users\/1"}],"replies":[{"embeddable":true,"href":"https:\/\/escoladangles.com\/index.php?rest_route=%2Fwp%2Fv2%2Fcomments&post=65"}],"version-history":[{"count":36,"href":"https:\/\/escoladangles.com\/index.php?rest_route=\/wp\/v2\/pages\/65\/revisions"}],"predecessor-version":[{"id":510,"href":"https:\/\/escoladangles.com\/index.php?rest_route=\/wp\/v2\/pages\/65\/revisions\/510"}],"wp:attachment":[{"href":"https:\/\/escoladangles.com\/index.php?rest_route=%2Fwp%2Fv2%2Fmedia&parent=65"}],"curies":[{"name":"wp","href":"https:\/\/api.w.org\/{rel}","templated":true}]}}