{"id":291,"date":"2019-04-25T15:44:06","date_gmt":"2019-04-25T15:44:06","guid":{"rendered":"http:\/\/escoladangles.com\/?page_id=291"},"modified":"2019-04-25T15:45:57","modified_gmt":"2019-04-25T15:45:57","slug":"proteccio-de-dades","status":"publish","type":"page","link":"https:\/\/escoladangles.com\/?page_id=291","title":{"rendered":"Protecci\u00f3 de dades"},"content":{"rendered":"<p><strong>PROTECCI\u00d3 DE DADES<\/strong><\/p>\n<p><strong>Qui \u00e9s el responsable del tractament de les vostres dades?<\/strong><\/p>\n<p>Escola d\u2019Angl\u00e8s Neus Vi\u00f1eta.<\/p>\n<p>C\/ Rafael de Casanova, 17 08186 Lli\u00e7\u00e0 d\u2019Amunt<\/p>\n<p><strong>Tel:<\/strong> 93 841 65 56<\/p>\n<p>E-mail <a href=\"mailto:escoladangles@infonegocio.com\">escoladangles@infonegocio.com<\/a><\/p>\n<p><strong>Amb quina finalitat tractem les dades?<\/strong><\/p>\n<p>A l\u2019Escola d\u2019Angl\u00e8s tractem les dades que se\u2019ns faciliten amb la finalitat de gestionar les sol\u00b7licituds d\u2019informaci\u00f3, enviar comunicacions sobre les nostres novetats o ofertes que puguin ser del vostre inter\u00e8s.<\/p>\n<p><strong>Quina \u00e9s la legitimitat per el tractament de les vostres dades?<\/strong><\/p>\n<p>La base legal per el tractament de dades \u00e9s el consentiment de l\u2019usuari de la cl\u00e0usula de tractament de dades. Si no es facilitessin totes les dades de car\u00e0cter personal requerides per l\u2019Escola d\u2019Angl\u00e8s podria implicar una incomplerta atenci\u00f3 de la sol\u00b7licitud requerida. L\u2019usuari t\u00e9 dret a anul\u00b7lar el consentiment donat en qualsevol moment sense que afecti de forma retroactiva al tractament que fins aleshores s\u2019hagi fet de les dades.<\/p>\n<p><strong>\u00a0A quins destinataris es comunicaran les dades?<\/strong><\/p>\n<p>L\u2019Escola d\u2019Angles no facilitar\u00e0 les dades a tercers en cap cas, excepte a aquelles empreses que siguin imprescindibles per a la gesti\u00f3 de la relaci\u00f3 contractual.<\/p>\n<p><strong>Quins s\u00f3n els seus drets quan ens facilita les dades?<\/strong><\/p>\n<p>Tots els usuaris tenen dret a acc\u00e9s, rectificaci\u00f3, cancel\u00b7laci\u00f3 i supressi\u00f3 sempre que les dades ja no siguin necess\u00e0ries per els fins per als que es van recollir.<\/p>\n<p>Tamb\u00e9 podran sol\u00b7licitar la limitaci\u00f3 i l\u2019oposici\u00f3 del tractament de les dades en determinades circumst\u00e0ncies.<\/p>\n<p>Els usuaris podran exercir els drets mencionats anteriorment, en els termes i condicions previstos per la llei, en el domicili social d\u2019Escola d\u2019Angles o sol\u00b7licitar-ho per correu electr\u00f2nic a <a href=\"mailto:escoladangles@infonegocio.com\">escoladangles@infonegocio.com<\/a><\/p>\n<p><strong>Durant quan de temps conservarem les dades?<\/strong><\/p>\n<p>Les dades es conservaran mentre no se\u2019n sol\u00b7liciti la suspensi\u00f3.<\/p>\n<p><strong>CONDICIONS GENERALS D\u2019ACC\u00c9S I \u00daS<\/strong><\/p>\n<p>El titular de la web <a href=\"http:\/\/www.escoladangles.com\">www.escoladangles.com<\/a> es Escola d\u2019Angl\u00e8s Neus Vi\u00f1eta,<\/p>\n<p>Dades d\u2019identificaci\u00f3:<\/p>\n<p>Adre\u00e7a: C\/Rafael de Casanova, 17<\/p>\n<p>Correu electr\u00f2nic: <a href=\"mailto:escoladangles@infonegocio.com\">escoladangles@infonegocio.com<\/a><\/p>\n<p>Tel: 93 841 65 56<\/p>\n<p><strong>Acc\u00e9s a la Web<\/strong><\/p>\n<p>Les presents condicions d\u2019acc\u00e9s i \u00fas regulen l\u2019acc\u00e9s i utilitzaci\u00f3 de la web i tenen per objecte facilitar a l\u2019 usuari la informaci\u00f3 relativa a l\u2019Escola d\u2019Angl\u00e8s i als seus serveis.<\/p>\n<p>L\u2019acc\u00e9s i \u00fas de la web per part de l\u2019usuari comporta l\u2019acceptaci\u00f3 de les presents condicions generals d\u2019acc\u00e9s i \u00fas aix\u00ed com la pol\u00edtica de privacitat de la web.<\/p>\n<p>L\u2019usuari ha de llegir atentament les condicions d\u2019acc\u00e9s i \u00fas i la pol\u00edtica de privacitat quan utilitzi la web, ja que aquestes podran ser modificades en qualsevol moment. Si no accepta les condicions preguem que no utilitzin la web i el seu contingut.<\/p>\n<p><strong>Utilitzaci\u00f3 i funcionament de la web<\/strong><\/p>\n<p>L\u2019usuari es compromet a fer un\u00a0 \u00fas diligent de la web, aix\u00ed com de la informaci\u00f3 relativa als productes i serveis que es detallen.<\/p>\n<p>En conseq\u00fc\u00e8ncia, l\u2019usuari es compromet a no formular comentaris i\/o continguts, propis o de tercers que siguin il\u00b7l\u00edcits, violents, pornogr\u00e0fics, racistes i\/o denigrants i que resultin inapropiats o impertinents en relaci\u00f3 amb l\u2019activitat de l\u2019Escola d\u2019Angl\u00e8s. Aix\u00ed mateix l\u2019usuari es compromet a no realitzar cap acte com a objecte de malmetre i\/o inutilitzar i\/o sobrecarregar la web , o que impedeixi de qualsevol manera, la normal utilitzaci\u00f3 i funcionament de la web.<\/p>\n<p>S\u2019informa als usuaris de que, en el cas de que s\u2019incompleixi les condicions generals d\u2019acc\u00e9s i \u00fas\u00a0 en qualsevol dels termes o condicions de la web, Escola d\u2019Angl\u00e8s es reserva el dret de limitar, suspendre i\/o concloure l\u2019acc\u00e9s a la web, adoptant qualsevol mesura t\u00e8cnica que sigui necess\u00e0ria.<\/p>\n<p>Escola d\u2019Angl\u00e8s es compromet a mantenir la web en bon estat de funcionament, evitant errors, o en el seu cas reparant-los i mantenint els continguts de la web degudament actualitzats. No obstant aix\u00f2, l\u2019Escola d\u2019Angl\u00e8s no pot garantir la disponibilitat i continu\u00eftat de l\u2019acc\u00e9s a la web ni la inexist\u00e8ncia d\u2019errors aix\u00ed com tampoc que aquest siguin degudament actualitzats.<\/p>\n<p><strong>Responsabilitat<\/strong><\/p>\n<p>Tant l\u2019acc\u00e9s a la web com l\u2019\u00fas que es pugui fer de qualsevol informaci\u00f3 o mecanisme que cont\u00e9, es realitza sota la responsabilitat de l\u2019usuari.<\/p>\n<p>Escola d\u2019Angl\u00e8s no es responsabilitza de cap dany i\/o prejudici que pugui derivar-se directa o indirectament, de l\u2019acc\u00e9s o \u00fas de la informaci\u00f3 continguda a la web, i especialment d\u2019aquella informaci\u00f3 relativa a tercers. Incloent, per\u00f2 no limitant-se, als produ\u00efts en els sistemes inform\u00e0tics o als provocats per la introducci\u00f3 de virus i\/o atacs inform\u00e0tics i tampoc ser\u00e0 responsable dels danys que puguin patir els usuaris per un inadequat \u00fas de la web, ni de les caigudes, interrupcions, abs\u00e8ncia o defecte en les comunicacions a internet.<\/p>\n<p>Addicionalment Escola d\u2019Angl\u00e8s no es fa responsable de cap dany i\/o prejudici en el software i\/o hardware de l\u2019usuari que es derivi de l\u2019acc\u00e9s a la web.<\/p>\n<p>L\u2019usuari respondr\u00e0 dels danys i prejudicis de qualsevol mena que Escola d\u2019Angl\u00e8s pugui patir com a conseq\u00fc\u00e8ncia de l\u2019incompliment de qualsevol de les obligacions a les que queda sotm\u00e8s en virtut de les presents condicions d\u2019acc\u00e9s i \u00fas.<\/p>\n<p><strong>Pol\u00edtica en mat\u00e8ria d\u2019enlla\u00e7os (links)<\/strong><\/p>\n<p>Aquells tercers que tinguin intenci\u00f3 d\u2019incloure en el seu lloc web un enlla\u00e7 que dirigeixi a la nostra web hauran d\u2019obtenir necess\u00e0riament el consentiment expr\u00e9s i per escrit de l\u2019Escola d\u2019Angl\u00e8s.<\/p>\n<p>En cap cas \u00a0l\u2019enlla\u00e7 significa que l\u2019Escola d\u2019Angl\u00e8s avali, promocioni, garanteixi, supervisi i\/o recomani el contingut dels serveis de l\u2019enlla\u00e7 ni que sigui responsable del contingut del mateix.<\/p>\n<p>El lloc enlla\u00e7 haur\u00e0 de complir amb la legislaci\u00f3 vigent i no podr\u00e0\u00a0 en cap cas, contenir continguts, propis o de tercers que siguin il\u00b7l\u00edcits, nocius, violents, racistes, denigrants, etc. i que resultin inapropiats o no pertinents en relaci\u00f3 amb l\u2019activitat.<\/p>\n<p>En el suposat incompliment de qualsevol dels termes referits anteriorment, Escola d\u2019Angl\u00e8s procedir\u00e0 de forma immediata, a la revocaci\u00f3 del consentiment atorgat al lloc enlla\u00e7 i s\u2019haur\u00e0 de suprimir l\u2019enlla\u00e7.<\/p>\n<p>En la web podran incloure\u2019s enlla\u00e7os que permetin a l\u2019usuari accedir a altres llocs web.<\/p>\n<p>En cap cas l\u2019exist\u00e8ncia d\u2019enlla\u00e7os comporta recomanaci\u00f3, promoci\u00f3, identificaci\u00f3 i conformitat de l\u2019Escola d\u2019Angl\u00e8s amb les manifestacions, continguts i\/o serveis promocionats per mitj\u00e0 de l\u2019enlla\u00e7. En conseq\u00fc\u00e8ncia l\u2019Escola d\u2019Angl\u00e8s no es fa responsable del contingut i altres condicions de l\u2019enlla\u00e7, essent l\u2019usuari l\u2019\u00fanic responsable de comprovar-los i acceptar-los cada cop que accedeixi i utilitzi els enlla\u00e7os.<\/p>\n<p><strong>Propietat industrial i intel\u00b7lectual<\/strong><\/p>\n<p>Tots els drets sobre propietat intel\u00b7lectual sobre els dissenys, base de dades, programes d\u2019ordinador subjacents, aix\u00ed com els diferents elements que integren el lloc web (textos, gr\u00e0fics, v\u00eddeos, gravacions de so, ets.) (\u201ccontinguts\u201d) s\u00f3n titularitat d\u2019Escola d\u2019Angl\u00e8s.<\/p>\n<p>L\u2019\u00fas de la web per part de l\u2019usuari no comporta la cessi\u00f3 de cap dret de propietat intel\u00b7lectual sobre el lloc web i els seus continguts.<\/p>\n<p>Per mitj\u00e0 de les condicions d\u2019acc\u00e9s i \u00fas, queda expressament prohibit a l\u2019usuari la reproducci\u00f3, transformaci\u00f3, distribuci\u00f3, comunicaci\u00f3 p\u00fablica, extracci\u00f3 i qualsevol forma de difusi\u00f3 no autoritzades expressament del lloc web i els seus continguts.<\/p>\n<p>La utilitzaci\u00f3 no autoritzada dels continguts, aix\u00ed com els prejudicis ocasionats en els drets de propietat intel\u00b7lectual poden donar lloc a les accions que legalment corresponguin, i a les responsabilitats que d\u2019elles se\u2019n derivin.<\/p>\n<p><strong>Nul\u00b7litat<\/strong><\/p>\n<p>Si qualsevol de les cl\u00e0usules de les condicions d\u2019acc\u00e9s i \u00fas foren declarades nul\u00b7les total o parcialment, aquestes afectaran nom\u00e9s a la part que estiguin declarades nul\u00b7les. Les altres seguiran vigents, considerant-se nom\u00e9s nul\u00b7la la part que resulti afectada. A tals efectes, en les condicions d\u2019acc\u00e9s i \u00fas nom\u00e9s deixaran de tenir vig\u00e8ncia les cl\u00e0usules directament afectades\u00a0 i cap altre part quedar\u00e0 invalidada, anul\u00b7lada, perjudicada, o afectada per la dita nul\u00b7litat.<\/p>\n","protected":false},"excerpt":{"rendered":"<p>PROTECCI\u00d3 DE DADES Qui \u00e9s el responsable del tractament de les vostres dades? Escola d\u2019Angl\u00e8s Neus Vi\u00f1eta. C\/ Rafael de Casanova, 17 08186 Lli\u00e7\u00e0 d\u2019Amunt Tel: 93 841 65 56 E-mail escoladangles@infonegocio.com Amb quina finalitat tractem les dades? A l\u2019Escola <a href=\"https:\/\/escoladangles.com\/?page_id=291\" class=\"read-more\">Leer m\u00e1s&#8230;<\/a><\/p>\n","protected":false},"author":1,"featured_media":0,"parent":0,"menu_order":0,"comment_status":"closed","ping_status":"closed","template":"","meta":[],"_links":{"self":[{"href":"https:\/\/escoladangles.com\/index.php?rest_route=\/wp\/v2\/pages\/291"}],"collection":[{"href":"https:\/\/escoladangles.com\/index.php?rest_route=\/wp\/v2\/pages"}],"about":[{"href":"https:\/\/escoladangles.com\/index.php?rest_route=\/wp\/v2\/types\/page"}],"author":[{"embeddable":true,"href":"https:\/\/escoladangles.com\/index.php?rest_route=\/wp\/v2\/users\/1"}],"replies":[{"embeddable":true,"href":"https:\/\/escoladangles.com\/index.php?rest_route=%2Fwp%2Fv2%2Fcomments&post=291"}],"version-history":[{"count":3,"href":"https:\/\/escoladangles.com\/index.php?rest_route=\/wp\/v2\/pages\/291\/revisions"}],"predecessor-version":[{"id":296,"href":"https:\/\/escoladangles.com\/index.php?rest_route=\/wp\/v2\/pages\/291\/revisions\/296"}],"wp:attachment":[{"href":"https:\/\/escoladangles.com\/index.php?rest_route=%2Fwp%2Fv2%2Fmedia&parent=291"}],"curies":[{"name":"wp","href":"https:\/\/api.w.org\/{rel}","templated":true}]}}